

{"id":621,"date":"2024-12-19T08:36:03","date_gmt":"2024-12-19T08:36:03","guid":{"rendered":"https:\/\/teuschler.rkp-marketing.at\/?post_type=replace_content&#038;p=621"},"modified":"2025-05-07T14:27:22","modified_gmt":"2025-05-07T14:27:22","slug":"karriere-bei-teuschler-startseite-2","status":"publish","type":"replace_content","link":"https:\/\/teuschler-holz.at\/it\/replace_content\/karriere-bei-teuschler-startseite-2\/","title":{"rendered":"Carriere presso Teuschler Informazioni su"},"content":{"rendered":"<div class=\"wp-bootstrap-blocks-container container mb-2\">\n\t\n<div class=\"wp-bootstrap-blocks-row row align-items-center\">\n\t\n\n<div class=\"col-12 col-md-6 col-lg-6\">\n\t\t\t\n\n<h3 class=\"wp-block-heading mt-3 mt-md-4\">Le nostre offerte di lavoro<\/h3>\n\n\n<!--\/rot_posts jobs--><div class=\"row rot-cpt-items rot-post-type-jobs rot-posts-items flex-row show-terms-terms flex-row list-style-grid\"><article class=\"col-12 list-dir-col mixed-has-img rot-cpt-item rot-cpt-item-jobs rot-item-jobs list-style-grid\"  data-item-id=\"223\" ><div class=\"rot-cpt-item-inner\"><div class=\"rot-cpt-head rot-post-head mb-2 pb-1\"><\/div><div class=\"rot-cpt-content\"><div class=\"jobs-h my-2 pt-1 h3 rot-cpt-title\">\r\n\t\t\t\t<a href=\"https:\/\/teuschler-holz.at\/it\/jobs\/staplerfahrer-in-radladerfahrer-in-m-w-d\/\" >Conduttore di carrelli elevatori o di pale gommate (m\/f\/d)<\/a><\/div><div class=\"rot-cpt-excerpt excerpt\">Potrai guidare il nostro parco veicoli come autista di carrelli elevatori o pale gommate! Sarai responsabile dell'organizzazione del magazzino e dell'alimentazione delle linee di segatura e tronchi. Poich\u00e9 siamo un'azienda a conduzione familiare e non una societ\u00e0, abbiamo bisogno di flessibilit\u00e0 e del tuo supporto nella produzione. Non preoccupatevi: se siete motivati, vi insegneremo il resto!<\/div> <div class=\"rot-read-more\">\r\n\t\t\t\t\t\t<a href=\"https:\/\/teuschler-holz.at\/it\/jobs\/staplerfahrer-in-radladerfahrer-in-m-w-d\/\"class=\"rot-read-more-link btn btn-transparent rkp-btn\">Alla descrizione del lavoro<\/a>\r\n\t\t\t\t\t\t<\/div><\/div><!--\/\/rot-cpt-content--><\/div><!--\/.item-inner --content--><\/article><!--\/.col item--><article class=\"col-12 list-dir-col mixed-has-img rot-cpt-item rot-cpt-item-jobs rot-item-jobs list-style-grid\"  data-item-id=\"224\" ><div class=\"rot-cpt-item-inner\"><div class=\"rot-cpt-head rot-post-head mb-2 pb-1\"><\/div><div class=\"rot-cpt-content\"><div class=\"jobs-h my-2 pt-1 h3 rot-cpt-title\">\r\n\t\t\t\t<a href=\"https:\/\/teuschler-holz.at\/it\/jobs\/produktionsmitarbeiter-in-m-w-d\/\" >Impiegato di produzione (m\/f\/d)<\/a><\/div><div class=\"rot-cpt-excerpt excerpt\">Potrete utilizzare macchinari moderni, lavorare con sistemi di selezione e molto altro ancora. Se il legno \u00e8 la vostra passione e vi piace lavorare con il legno, candidatevi da noi! Abbiamo molti lavori diversi e insieme troveremo il posto giusto per voi. <\/div> <div class=\"rot-read-more\">\r\n\t\t\t\t\t\t<a href=\"https:\/\/teuschler-holz.at\/it\/jobs\/produktionsmitarbeiter-in-m-w-d\/\"class=\"rot-read-more-link btn btn-transparent rkp-btn\">Alla descrizione del lavoro<\/a>\r\n\t\t\t\t\t\t<\/div><\/div><!--\/\/rot-cpt-content--><\/div><!--\/.item-inner --content--><\/article><!--\/.col item--><article class=\"col-12 list-dir-col mixed-has-img rot-cpt-item rot-cpt-item-jobs rot-item-jobs list-style-grid\"  data-item-id=\"225\" ><div class=\"rot-cpt-item-inner\"><div class=\"rot-cpt-head rot-post-head mb-2 pb-1\"><\/div><div class=\"rot-cpt-content\"><div class=\"jobs-h my-2 pt-1 h3 rot-cpt-title\">\r\n\t\t\t\t<a href=\"https:\/\/teuschler-holz.at\/it\/jobs\/bandsaegenfuehrerin-m-w-d\/\" >Operatore di sega a nastro (m\/f\/d)<\/a><\/div><div class=\"rot-cpt-excerpt excerpt\">La sega a nastro per tronchi \u00e8 il fulcro della nostra moderna segheria. Qui controllate l'intero sistema dalla nostra postazione di comando e siete responsabili della produzione dei migliori prodotti a partire dalla materia prima. Siete appassionati di legno e vi piace la tecnologia? Allora candidatevi per lavorare con noi! Non preoccupatevi: se siete motivati, vi insegneremo il resto! <\/div> <div class=\"rot-read-more\">\r\n\t\t\t\t\t\t<a href=\"https:\/\/teuschler-holz.at\/it\/jobs\/bandsaegenfuehrerin-m-w-d\/\"class=\"rot-read-more-link btn btn-transparent rkp-btn\">Alla descrizione del lavoro<\/a>\r\n\t\t\t\t\t\t<\/div><\/div><!--\/\/rot-cpt-content--><\/div><!--\/.item-inner --content--><\/article><!--\/.col item--><\/div><!--\/.row.rot-cpt-items posts-->\n\n\t<\/div>\n\n\n\n<div class=\"col-12 col-md-6\">\n\t\t\t\n\n<figure class=\"wp-block-image size-full rot-img-relative mt-3 mt-md-0\"><img loading=\"lazy\" decoding=\"async\" width=\"1500\" height=\"1001\" src=\"https:\/\/teuschler-holz.at\/wp-content\/uploads\/2024\/12\/teuschler-171-web.webp\" alt=\"\" class=\"wp-image-871\" srcset=\"https:\/\/teuschler-holz.at\/wp-content\/uploads\/2024\/12\/teuschler-171-web.webp 1500w, https:\/\/teuschler-holz.at\/wp-content\/uploads\/2024\/12\/teuschler-171-web-300x200.webp 300w, https:\/\/teuschler-holz.at\/wp-content\/uploads\/2024\/12\/teuschler-171-web-1024x683.webp 1024w, https:\/\/teuschler-holz.at\/wp-content\/uploads\/2024\/12\/teuschler-171-web-768x513.webp 768w, https:\/\/teuschler-holz.at\/wp-content\/uploads\/2024\/12\/teuschler-171-web-18x12.webp 18w, https:\/\/teuschler-holz.at\/wp-content\/uploads\/2024\/12\/teuschler-171-web-800x534.webp 800w, https:\/\/teuschler-holz.at\/wp-content\/uploads\/2024\/12\/teuschler-171-web-1280x854.webp 1280w\" sizes=\"auto, (max-width: 1500px) 100vw, 1500px\" \/><\/figure>\n\n\n<a href=\"\/it\/kontakt\/\" id=\"contact\" class=\"btn btn-transparent rkp-btn round\" >Assumiamo<span>Candidarsi ora<\/span><\/a>\n\n\t<\/div>\n\n<\/div>\n\n<\/div>","protected":false},"featured_media":0,"template":"","content_type":[4],"class_list":["post-621","replace_content","type-replace_content","status-publish","hentry","content_type-section_content"],"acf":[],"_links":{"self":[{"href":"https:\/\/teuschler-holz.at\/it\/wp-json\/wp\/v2\/replace_content\/621","targetHints":{"allow":["GET"]}}],"collection":[{"href":"https:\/\/teuschler-holz.at\/it\/wp-json\/wp\/v2\/replace_content"}],"about":[{"href":"https:\/\/teuschler-holz.at\/it\/wp-json\/wp\/v2\/types\/replace_content"}],"wp:attachment":[{"href":"https:\/\/teuschler-holz.at\/it\/wp-json\/wp\/v2\/media?parent=621"}],"wp:term":[{"taxonomy":"content_type","embeddable":true,"href":"https:\/\/teuschler-holz.at\/it\/wp-json\/wp\/v2\/content_type?post=621"}],"curies":[{"name":"wp","href":"https:\/\/api.w.org\/{rel}","templated":true}]}}

<div class="wp-bootstrap-blocks-container container mb-2">
	
<div class="wp-bootstrap-blocks-row row align-items-center">
	

<div class="col-12 col-md-6 col-lg-6">
			

<h3 class="wp-block-heading mt-3 mt-md-4">Le nostre offerte di lavoro</h3>


<!--/rot_posts jobs--><div class="row rot-cpt-items rot-post-type-jobs rot-posts-items flex-row show-terms-terms flex-row list-style-grid"><article class="col-12 list-dir-col mixed-has-img rot-cpt-item rot-cpt-item-jobs rot-item-jobs list-style-grid"  data-item-id="223" ><div class="rot-cpt-item-inner"><div class="rot-cpt-head rot-post-head mb-2 pb-1"></div><div class="rot-cpt-content"><div class="jobs-h my-2 pt-1 h3 rot-cpt-title">
				<a href="https://teuschler-holz.at/it/jobs/staplerfahrer-in-radladerfahrer-in-m-w-d/" >Conduttore di carrelli elevatori o di pale gommate (m/f/d)</a></div><div class="rot-cpt-excerpt excerpt">Potrai guidare il nostro parco veicoli come autista di carrelli elevatori o pale gommate! Sarai responsabile dell'organizzazione del magazzino e dell'alimentazione delle linee di segatura e tronchi. Poiché siamo un'azienda a conduzione familiare e non una società, abbiamo bisogno di flessibilità e del tuo supporto nella produzione. Non preoccupatevi: se siete motivati, vi insegneremo il resto!</div> <div class="rot-read-more">
						<a href="https://teuschler-holz.at/it/jobs/staplerfahrer-in-radladerfahrer-in-m-w-d/"class="rot-read-more-link btn btn-transparent rkp-btn">Alla descrizione del lavoro</a>
						</div></div><!--//rot-cpt-content--></div><!--/.item-inner --content--></article><!--/.col item--><article class="col-12 list-dir-col mixed-has-img rot-cpt-item rot-cpt-item-jobs rot-item-jobs list-style-grid"  data-item-id="224" ><div class="rot-cpt-item-inner"><div class="rot-cpt-head rot-post-head mb-2 pb-1"></div><div class="rot-cpt-content"><div class="jobs-h my-2 pt-1 h3 rot-cpt-title">
				<a href="https://teuschler-holz.at/it/jobs/produktionsmitarbeiter-in-m-w-d/" >Impiegato di produzione (m/f/d)</a></div><div class="rot-cpt-excerpt excerpt">Potrete utilizzare macchinari moderni, lavorare con sistemi di selezione e molto altro ancora. Se il legno è la vostra passione e vi piace lavorare con il legno, candidatevi da noi! Abbiamo molti lavori diversi e insieme troveremo il posto giusto per voi. </div> <div class="rot-read-more">
						<a href="https://teuschler-holz.at/it/jobs/produktionsmitarbeiter-in-m-w-d/"class="rot-read-more-link btn btn-transparent rkp-btn">Alla descrizione del lavoro</a>
						</div></div><!--//rot-cpt-content--></div><!--/.item-inner --content--></article><!--/.col item--><article class="col-12 list-dir-col mixed-has-img rot-cpt-item rot-cpt-item-jobs rot-item-jobs list-style-grid"  data-item-id="225" ><div class="rot-cpt-item-inner"><div class="rot-cpt-head rot-post-head mb-2 pb-1"></div><div class="rot-cpt-content"><div class="jobs-h my-2 pt-1 h3 rot-cpt-title">
				<a href="https://teuschler-holz.at/it/jobs/bandsaegenfuehrerin-m-w-d/" >Operatore di sega a nastro (m/f/d)</a></div><div class="rot-cpt-excerpt excerpt">La sega a nastro per tronchi è il fulcro della nostra moderna segheria. Qui controllate l'intero sistema dalla nostra postazione di comando e siete responsabili della produzione dei migliori prodotti a partire dalla materia prima. Siete appassionati di legno e vi piace la tecnologia? Allora candidatevi per lavorare con noi! Non preoccupatevi: se siete motivati, vi insegneremo il resto! </div> <div class="rot-read-more">
						<a href="https://teuschler-holz.at/it/jobs/bandsaegenfuehrerin-m-w-d/"class="rot-read-more-link btn btn-transparent rkp-btn">Alla descrizione del lavoro</a>
						</div></div><!--//rot-cpt-content--></div><!--/.item-inner --content--></article><!--/.col item--></div><!--/.row.rot-cpt-items posts-->

	</div>



<div class="col-12 col-md-6">
			

<figure class="wp-block-image size-full rot-img-relative mt-3 mt-md-0"><img loading="lazy" decoding="async" width="1500" height="1001" src="https://teuschler-holz.at/wp-content/uploads/2024/12/teuschler-171-web.webp" alt="" class="wp-image-871" srcset="https://teuschler-holz.at/wp-content/uploads/2024/12/teuschler-171-web.webp 1500w, https://teuschler-holz.at/wp-content/uploads/2024/12/teuschler-171-web-300x200.webp 300w, https://teuschler-holz.at/wp-content/uploads/2024/12/teuschler-171-web-1024x683.webp 1024w, https://teuschler-holz.at/wp-content/uploads/2024/12/teuschler-171-web-768x513.webp 768w, https://teuschler-holz.at/wp-content/uploads/2024/12/teuschler-171-web-18x12.webp 18w, https://teuschler-holz.at/wp-content/uploads/2024/12/teuschler-171-web-800x534.webp 800w, https://teuschler-holz.at/wp-content/uploads/2024/12/teuschler-171-web-1280x854.webp 1280w" sizes="auto, (max-width: 1500px) 100vw, 1500px" /></figure>


<a href="/it/kontakt/" id="contact" class="btn btn-transparent rkp-btn round" >Assumiamo<span>Candidarsi ora</span></a>

	</div>

</div>

</div>
