

{"id":556,"date":"2024-12-18T13:14:59","date_gmt":"2024-12-18T13:14:59","guid":{"rendered":"https:\/\/teuschler.rkp-marketing.at\/?post_type=replace_content&#038;p=556"},"modified":"2025-05-07T13:37:18","modified_gmt":"2025-05-07T13:37:18","slug":"saegewerk-single-holzart","status":"publish","type":"replace_content","link":"https:\/\/teuschler-holz.at\/it\/replace_content\/saegewerk-single-holzart\/","title":{"rendered":"Segheria"},"content":{"rendered":"<div class=\"wp-bootstrap-blocks-container container mb-2\">\n\t\n<div class=\"wp-bootstrap-blocks-row row align-items-center\">\n\t\n\n<div class=\"col-12 col-md-5 order-1 order-md-0\">\n\t\t\t\n\n<h2 class=\"wp-block-heading mt-2 md-md-0\">Segheria<\/h2>\n\n\n\n<p>Essendo una delle segherie pi\u00f9 moderne dell'Austria, offriamo la massima flessibilit\u00e0 nella lavorazione di legni duri e teneri, compresi i tagli speciali. Il nostro obiettivo \u00e8 ottenere il massimo valore aggiunto da ogni tronco e lavorare il legno tondo nel miglior modo possibile. Grazie alle moderne tecnologie, come il nostro scanner per legno ad alta precisione, possiamo ottimizzare ogni tavola in modo mirato e sfruttare al meglio la preziosa materia prima. Variet\u00e0 e qualit\u00e0 sono le nostre priorit\u00e0.<\/p>\n\n\t<\/div>\n\n\n\n<div class=\"col-12 col-md-6 offset-md-1 order-0 order-md-1\">\n\t\t\t\n\n<figure class=\"wp-block-image size-large rot-img-absolute\"><img loading=\"lazy\" decoding=\"async\" width=\"1024\" height=\"683\" src=\"https:\/\/teuschler-holz.at\/wp-content\/uploads\/2024\/12\/teuschler-195-web-1024x683.webp\" alt=\"\" class=\"wp-image-814\" srcset=\"https:\/\/teuschler-holz.at\/wp-content\/uploads\/2024\/12\/teuschler-195-web-1024x683.webp 1024w, https:\/\/teuschler-holz.at\/wp-content\/uploads\/2024\/12\/teuschler-195-web-300x200.webp 300w, https:\/\/teuschler-holz.at\/wp-content\/uploads\/2024\/12\/teuschler-195-web-768x513.webp 768w, https:\/\/teuschler-holz.at\/wp-content\/uploads\/2024\/12\/teuschler-195-web-18x12.webp 18w, https:\/\/teuschler-holz.at\/wp-content\/uploads\/2024\/12\/teuschler-195-web-800x534.webp 800w, https:\/\/teuschler-holz.at\/wp-content\/uploads\/2024\/12\/teuschler-195-web-1280x854.webp 1280w, https:\/\/teuschler-holz.at\/wp-content\/uploads\/2024\/12\/teuschler-195-web.webp 1500w\" sizes=\"auto, (max-width: 1024px) 100vw, 1024px\" \/><\/figure>\n\n\t<\/div>\n\n<\/div>\n\n<\/div>","protected":false},"featured_media":0,"template":"","content_type":[3],"class_list":["post-556","replace_content","type-replace_content","status-publish","hentry","content_type-no_specific_type"],"acf":[],"_links":{"self":[{"href":"https:\/\/teuschler-holz.at\/it\/wp-json\/wp\/v2\/replace_content\/556","targetHints":{"allow":["GET"]}}],"collection":[{"href":"https:\/\/teuschler-holz.at\/it\/wp-json\/wp\/v2\/replace_content"}],"about":[{"href":"https:\/\/teuschler-holz.at\/it\/wp-json\/wp\/v2\/types\/replace_content"}],"wp:attachment":[{"href":"https:\/\/teuschler-holz.at\/it\/wp-json\/wp\/v2\/media?parent=556"}],"wp:term":[{"taxonomy":"content_type","embeddable":true,"href":"https:\/\/teuschler-holz.at\/it\/wp-json\/wp\/v2\/content_type?post=556"}],"curies":[{"name":"wp","href":"https:\/\/api.w.org\/{rel}","templated":true}]}}

<div class="wp-bootstrap-blocks-container container mb-2">
	
<div class="wp-bootstrap-blocks-row row align-items-center">
	

<div class="col-12 col-md-5 order-1 order-md-0">
			

<h2 class="wp-block-heading mt-2 md-md-0">Segheria</h2>



<p>Essendo una delle segherie più moderne dell'Austria, offriamo la massima flessibilità nella lavorazione di legni duri e teneri, compresi i tagli speciali. Il nostro obiettivo è ottenere il massimo valore aggiunto da ogni tronco e lavorare il legno tondo nel miglior modo possibile. Grazie alle moderne tecnologie, come il nostro scanner per legno ad alta precisione, possiamo ottimizzare ogni tavola in modo mirato e sfruttare al meglio la preziosa materia prima. Varietà e qualità sono le nostre priorità.</p>

	</div>



<div class="col-12 col-md-6 offset-md-1 order-0 order-md-1">
			

<figure class="wp-block-image size-large rot-img-absolute"><img loading="lazy" decoding="async" width="1024" height="683" src="https://teuschler-holz.at/wp-content/uploads/2024/12/teuschler-195-web-1024x683.webp" alt="" class="wp-image-814" srcset="https://teuschler-holz.at/wp-content/uploads/2024/12/teuschler-195-web-1024x683.webp 1024w, https://teuschler-holz.at/wp-content/uploads/2024/12/teuschler-195-web-300x200.webp 300w, https://teuschler-holz.at/wp-content/uploads/2024/12/teuschler-195-web-768x513.webp 768w, https://teuschler-holz.at/wp-content/uploads/2024/12/teuschler-195-web-18x12.webp 18w, https://teuschler-holz.at/wp-content/uploads/2024/12/teuschler-195-web-800x534.webp 800w, https://teuschler-holz.at/wp-content/uploads/2024/12/teuschler-195-web-1280x854.webp 1280w, https://teuschler-holz.at/wp-content/uploads/2024/12/teuschler-195-web.webp 1500w" sizes="auto, (max-width: 1024px) 100vw, 1024px" /></figure>

	</div>

</div>

</div>
